+ -228. Calculate the highest common divisor of 45 and n.
9
Suppose -5*p - 2*q + 69 = 0, 13 = -3*q + 4. Suppose -6 = -j + p. Calculate the highest common divisor of 7 and j.
7
Suppose 5*a = 5*h - 50, 3*h + 0*h + 4*a = 9. Let c = h + -3. Suppose -k = -c - 4. What is the highest common factor of 1 and k?
1
Suppose 6*j = 2*j + 128. Suppose 3*r = -3 - 3. Let h be 16/(-1*4/r). What is the greatest common factor of h and j?
8
Let y be (20/(-15))/(8/(-732)). Calculate the greatest common factor of y and 427.
61
Suppose -109 = -4*y - 64*w + 61*w, 2*w = -3*y + 82. What is the highest common divisor of y and 756?
28
Suppose 5*s - 1056 - 779 = 5*c, -2*s = 3*c - 719. What is the greatest common divisor of s and 520?
52
Suppose -152*t + 300 = -140*t. Let g = 5 - 5. Suppose 0 = 4*i - g*i - 20. Calculate the highest common factor of i and t.
5
Suppose 3*x + 2*k - 95 = 0, 0 = 6*x - 11*x + k + 180. Calculate the greatest common factor of x and 35.
35
Suppose -5*a = 3*o - 25, -5*o = -4*a - a - 15. Suppose -2*r - 93 = -o*r. Let b = r - 29. Calculate the greatest common factor of 2 and b.
2
Let i = 0 + 1. Suppose -o - 25 = -5*u, o + 4*u = 6*o + 62. Let q be -1 - (-3 - -4)*o. Calculate the highest common factor of q and i.
1
Suppose -4*v + v = 0. Suppose 4*q - 128 + 44 = v. Calculate the greatest common factor of 63 and q.
21
Let t(k) = 2*k - 3. Let w be t(5). Let m be w/1*(1 + 3). Suppose m = -4*i + 204. What is the highest common divisor of 11 and i?
11
Let k = 254 + -249. Let f be k + 1/(-1) + (-4 - -8). Let t(p) = -p**2 + 6*p + 1. Let z be t(6). Calculate the greatest common factor of f and z.
1
Let u(f) = -11*f**3 + 5*f**2 + 4*f - 4. Let r be u(-2). Calculate the greatest common divisor of 72 and r.
24
Suppose 898 = 12*w - 1286. What is the highest common factor of 28 and w?
14
Let c = -29 - -41. Let l be 3/2*(-16)/3. Let y be (-2)/8 + (-194)/l. Calculate the greatest common divisor of c and y.
12
Let z(h) = 5*h + 23. Let k be z(-4). Suppose -44 = -k*f - 11. What is the greatest common factor of 33 and f?
11
Let j(n) = -3*n**2 + 8*n + 18. Let t be j(4). Calculate the greatest common divisor of 118 and t.
2
Let a = 23 - 10. Suppose a*t = 12*t + 2. Let u(b) = 4*b + 4. Let d be u(t). What is the greatest common factor of d and 48?
12
Let h be 4*(-6)/8 - (-66 + -1). What is the greatest common factor of 32 and h?
32
Let t = 1025 + -49. What is the greatest common divisor of 16 and t?
16
Let v = -113 - -165. Let y be (v/10)/((-24)/(-60)). Calculate the greatest common divisor of 169 and y.
13
Let d be (7/6)/(-7)*-6. Suppose -g + 2*l = 8, 4*l = 5*g - d + 29. Let n be (-25)/(-2)*g/(-2). Calculate the greatest common divisor of 275 and n.
25
Let g(p) = -p**2 - 350*p - 3058. Let b be g(-9). Let k be 732/14 + (-4)/14. Let d = k + -30. What is the highest common divisor of b and d?
11
Suppose 2*c - 2*j + 36 = 0, 6*c - 2*c = -5*j - 99. Let s be (-5 - 112/c)/((-2)/(-6)). Calculate the highest common divisor of 2 and s.
1
Let x = -1267 - -1375. What is the greatest common divisor of 1 and x?
1
Suppose -13*c + 7*c + 18 = 0. Suppose 2*z + 4 = 3*b - 4*b, -2*b - 5*z = 11. Suppose 33 + c = b*n. What is the greatest common divisor of 12 and n?
6
Let s = 60 + -41. Let w = 28 - s. Calculate the greatest common factor of 9 and w.
9
Let w = 1850 - -550. Calculate the highest common divisor of w and 24.
24
Let i be 0 + 4/(-8) - (-7)/2. Suppose -d - i*d = -20. What is the highest common factor of d and 30?
5
Let s(a) = 2*a**2 + 4*a. Let l(t) = -5*t**2 - 13*t - 1. Let m(q) = -3*l(q) - 8*s(q). Let n be m(7). Calculate the greatest common divisor of n and 27.
3
Let v(q) = -q**3 + 5*q**2 - 4*q + 4. Let o be v(3). Let y(w) = -5*w - o - 2*w + 6*w - w. Let u be y(-9). Calculate the greatest common factor of u and 20.
4
Suppose -63 = 25*r - 26*r. Suppose v = 2*g - 4*v - 39, -5*v - r = -4*g. Calculate the greatest common factor of g and 96.
12
Suppose -28 = 2*y - 78. Let a = y + 9. Let q = 190 + a. Calculate the greatest common divisor of q and 28.
28
Suppose -88 = -3*b - 28. Suppose 2*c - 32 = 48. What is the greatest common factor of b and c?
20
Suppose 0 = 258*v + 6655 - 1424 - 46511. Let p(o) = o**2 + 5*o + 4. Let k be p(-6). What is the greatest common factor of k and v?
10
Suppose -3*s + 57 = -2*v, -s + 2*s - 5 = -4*v. Let w be 2 + ((-10)/(-30) - 88/(-6)). Calculate the highest common divisor of s and w.
17
Suppose -v = -2*m - 3, 0 = -2*m - 5*v + 15. Let a be (m + 4)*(5 - -2 - -1). What is the highest common divisor of a and 288?
32
Suppose -5*w = 2*v - 10*w - 92, -2*w = -v + 46. Suppose 2*a - 2 = 2. Let p be 1 - a - (4 + 5 + -33). What is the highest common factor of v and p?
23
Let q = 4 - -5. Let o be 3/q*(4 - -2). Let f(t) = -t**3 - 6*t**2 - 5*t + 2. Let s be f(-5). Calculate the highest common divisor of s and o.
2
Let g(i) = i**3 - 7*i**2 + 34*i - 4. Let t be g(3). Calculate the greatest common divisor of t and 2.
2
Let i be -16*1*(-5)/2. Suppose 3*l - 4 = 14. Let r = l - 1. Calculate the highest common divisor of r and i.
5
Let c(b) = -3 + 21*b**2 - 7 + 6 - 5*b. Let p be c(-1). Calculate the highest common factor of 11 and p.
11
Suppose 50*n - 1465 = 45*n. Let d be 2 + -4 + -3 + n. Calculate the greatest common factor of d and 36.
36
Suppose 0 = 4*x - 22 + 6. Suppose 0*t - 3*t - 2*k + 9 = 0, 2*k = -2*t + x. Let h be (-12)/15*50/(-4). Calculate the greatest common divisor of h and t.
5
Let l = -39 - -41. Suppose 0*o = -4*o + 60. Suppose -b = -3*f + o, -3*b = -8*b. Calculate the highest common divisor of l and f.
1
Let t(k) = 5*k**2 - 8*k + 3. Let u be t(6). Let g = 30579 + -30564. Calculate the greatest common divisor of g and u.
15
Suppose 0*s + 3*s - 5 = r, 20 = -3*r + 4*s. Let p be (-12)/(-48) - 958/r. Suppose -62*q + 15 = -61*q. What is the highest common factor of q and p?
15
Let p = -75 + 320. Calculate the highest common divisor of 140 and p.
35
Let l(o) = -2*o**2 + 21*o - 7. Let y be l(10). Suppose 5*m + 480 = -y*m. Let f be (15/(-45))/(2/m). Calculate the highest common factor of f and 15.
5
Let x be (-14)/35 - ((-522)/15)/2. Let m be ((-24)/20)/(-1 - x/(-20)). What is the highest common divisor of 88 and m?
8
Let k(w) = 4*w - 16. Let p = 27 + -21. Let s = p + 1. Let q be k(s). Calculate the highest common factor of 3 and q.
3
Suppose -3*k + 60 = 2*k. Suppose -2*o + 4*o = k. Let v(d) = -d**3 + 4*d**2 + 7*d - 4. Let z be v(5). Calculate the highest common factor of z and o.
6
Let m(b) = b**3 - 6*b**2 - 4*b - 9. Let p(v) = -v**2 + 5. Let i be p(-5). Let n = i - -27. Let s be m(n). What is the highest common divisor of s and 6?
6
Let v = -5 + 12. Suppose v*s - 375 = 2*s. Let n be 43/3 - (-4)/6. Calculate the highest common factor of s and n.
15
Let l be ((-16)/4 + 4)/2. Suppose l*n + 22 = n. Let w = 156 - 2. What is the highest common factor of n and w?
22
Suppose 32*w + 872 = 35*w + 4*z, 1160 = 4*w + 4*z. What is the highest common divisor of 1344 and w?
96
Suppose 6*o + 1 - 13 = 0. Suppose 4*i - o*w - w = 39, 5*i - 2*w = 40. Calculate the highest common factor of 18 and i.
6
Let w(z) = 7*z**2 + 16*z - 66. Let r be w(6). Calculate the greatest common divisor of r and 24.
6
Let z be 48/(3 - -1) - -4. Let r be ((-8)/z)/(2/(-16)). Suppose -12 - r = -2*x. Calculate the highest common factor of 8 and x.
8
Suppose 20*o - 3 = 17*o. Let x be (-1 - (-2 - 0))/(o/27). Let a(k) = -k**3 + 11*k**2 + 3*k - 6. Let s be a(11). What is the highest common factor of s and x?
27
Let r(s) = s**2. Let m be r(2). Suppose -4*q + m*w = -16, 0 = -3*q - 2*q - 2*w - 1. What is the highest common factor of 7 and q?
1
Let q be (-1)/(-5)*5*84/2. Let m(t) = 13*t**2 + 2*t. Let g be m(2). Let p be g/9 + (-4)/18. What is the highest common factor of q and p?
6
Suppose 3*x = -2*j + 40, -2*j - 5*x - 20 + 56 = 0. Suppose -u - j + 67 = 0. Calculate the greatest common divisor of u and 11.
11
Let x be (6/8)/((-198)/(-1056)). What is the greatest common divisor of 676 and x?
4
Let l = 627 - 591. What is the highest common divisor of l and 20?
4
Let d be (11/4 - -1)/((-122)/(-976)). What is the greatest common divisor of d and 174?
6
Let c = 915 - 355. Calculate the greatest common divisor of 28 and c.
28
Let n = -863 - -2639. Calculate the greatest common divisor of n and 24.
24
Suppose m - 4*m = -45. Let f be 